73)?
-61
Let i(k) = -79*k**3 + 7*k**2 + 37*k + 5. Calculate i(2).
-525
Let y(o) = o**3 - 9*o**2 - 396*o + 4557. What is y(14)?
-7
Let g(o) = -9*o**3 - 127*o**2 - 14*o - 154. Determine g(-15).
1856
Let r(f) = -f**3 - 255*f**2 - 904*f + 25098. Calculate r(-251).
-2
Let n(g) = -g**3 + 55*g**2 + 2538*g + 103. Determine n(85).
-917
Let j(k) = k**3 - 10*k**2 - 58*k + 542. What is j(9)?
-61
Let d(q) = -5549*q - 1498362. Give d(-270).
-132
Let p(f) = -3*f**3 + 24*f**2 - 16*f - 274. What is p(11)?
-1539
Let j(f) = 2*f**3 - 34*f**2 + 13*f + 223. Determine j(16).
-81
Let b(n) = 398*n - 1610. Calculate b(4).
-18
Let s(t) = 32*t**2 + 48*t + 30. Give s(6).
1470
Let h(r) = -2*r**3 - r**2 + 280*r - 2655. Give h(0).
-2655
Let n(r) = -22382*r + 3334925. Determine n(149).
7
Let i(o) = 2*o**3 + 1120*o**2 - 71*o - 39751. Calculate i(-560).
9
Let f(t) = 328*t**2 - 51*t - 12. What is f(-1)?
367
Let m(z) = 1083*z - 443863. Determine m(410).
167
Let s(i) = i**3 + 111*i**2 - 133*i - 2103. Determine s(-112).
249
Let c(s) = s**3 + 32*s**2 + 3657*s + 44341. What is c(-13)?
11
Let x(m) = 323*m - 22279. Give x(69).
8
Let x(b) = -1091*b**2 - 459312*b - 420. Determine x(-421).
1
Let j(n) = -1225*n + 160583. Give j(131).
108
Let d(m) = -18*m**3 - 2886*m**2 - 17554*m + 314. What is d(-154)?
6
Let o(i) = -14798*i + 78. Determine o(0).
78
Let f(k) = 64190*k + 193087. Calculate f(-3).
517
Let s(j) = j**3 + 10*j**2 - 235*j - 1565. Determine s(-6).
-11
Let n(w) = 576*w**2 + 5758*w + 19. Determine n(-10).
39
Let l(y) = -2*y**2 - 384*y + 884741. Determine l(576).
5
Let g(j) = -j**3 + 1087*j**2 + 14251*j - 651. Determine g(-13).
-14
Let v(g) = -g**3 - 179*g**2 + 20370*g - 3145. Calculate v(-258).
-49
Let f(b) = -328*b**2 + 10169*b - 106. Determine f(31).
-75
Let y(x) = -18*x - 222. Determine y(-2).
-186
Let l(t) = -t**3 + 3*t**2 + 49*t - 201. Calculate l(9).
-246
Let y(z) = 1687*z + 3274. Calculate y(-2).
-100
Let y(g) = -96*g**3 + 3454*g**2 + 70*g + 53. Calculate y(36).
-19
Let y(b) = 74489*b + 2905082. Calculate y(-39).
11
Let z(j) = 13*j**2 + 8699*j - 70424. What is z(8)?
0
Let s(j) = 3341*j - 70667. Determine s(21).
-506
Let p(l) = 18*l**3 - 4*l**2 - 890*l - 1775. Calculate p(-2).
-155
Let d(p) = -6092*p - 91390. Calculate d(-15).
-10
Let s(o) = 141*o + 12015. Calculate s(-85).
30
Let a(j) = 5*j**3 + 2203*j**2 - 931*j - 21608. Calculate a(-441).
1
Let r(b) = b**3 - 13*b**2 + 13*b - 188. Give r(13).
-19
Let r(u) = 205*u**2 + 10945*u + 4244. Calculate r(-53).
4
Let x(y) = 39*y + 940. What is x(6)?
1174
Let l(y) = -y**3 + 3*y**2 + 2196*y - 10957. What is l(5)?
-27
Let w(b) = 4*b**2 + 248*b - 248. What is w(-63)?
4
Let z(w) = w**3 - 27*w**2 - 392*w - 1075. Determine z(-4).
-3
Let g(n) = 3207*n - 574059. Give g(179).
-6
Let l(o) = -2169*o - 59967. Give l(-28).
765
Let w(l) = -l**3 - 231*l**2 + 526*l + 13560. What is w(-233)?
-420
Let t(c) = 6*c**2 + 117*c - 42. Give t(-17).
-297
Let d(j) = 1808*j + 14705. Determine d(-8).
241
Let x(t) = 260*t - 16678. What is x(66)?
482
Let s(h) = 315*h - 2147. Give s(6).
-257
Let z(r) = -r**3 + 50*r**2 - 340*r + 109. Give z(42).
-59
Let s(t) = -t**3 - 14*t**2 + 35*t + 166. Give s(-13).
-458
Let t(m) = 67*m**2 + 4741*m - 10956. What is t(-73)?
-6
Let q(n) = 158*n**3 - 4581*n**2 - 27*n - 62. Give q(29).
-4
Let s(b) = 9*b**3 + 694*b**2 + 358*b + 21640. What is s(-77)?
3
Let z(i) = i**3 - 182*i**2 + 558*i - 35680. Determine z(180).
-40
Let g(o) = 19*o - 123. Determine g(5).
-28
Let i(h) = 9091*h - 2009094. Give i(221).
17
Let g(m) = 14*m**3 - 34*m**2 - 165*m - 1. What is g(-4)?
-781
Let b(f) = f**3 - 496*f**2 - 2947*f + 386. Determine b(-6).
-4
Let u(m) = -1281*m**2 + 6381*m + 122. Determine u(5).
2
Let c(j) = -2*j**3 + 13*j**2 + 4268*j - 45799. What is c(11)?
60
Let a(q) = -4*q**2 - 700*q - 5971. Determine a(-166).
5
Let m(x) = x**3 - 25*x**2 - 64*x + 31. Determine m(25).
-1569
Let r(z) = -12*z**2 + 245*z + 168. Determine r(21).
21
Let s(k) = -209*k**3 - 48*k**2 - 50*k + 92. Determine s(-2).
1672
Let v(t) = -3*t**3 - 185*t**2 + 106*t + 14452. Determine v(-61).
544
Let g(z) = -2*z**3 + 10*z**2 - 400*z + 2806. Give g(7).
-190
Let i(t) = 175*t - 15036. Determine i(85).
-161
Let f(d) = -1968*d**2 - 171207*d + 777. Calculate f(-87).
-6
Let l(z) = z**2 - 40*z + 16. Calculate l(6).
-188
Let l(m) = -2*m**3 + 1132*m**2 - 17597*m - 1658. Give l(550).
-8
Let s(x) = x**3 - 100*x**2 - 111*x + 1023. What is s(101)?
13
Let m(c) = c**2 - 2279*c - 88042. Calculate m(-38).
4
Let t(z) = 10*z**3 - 23*z**2 - 36*z + 58. What is t(1)?
9
Let q(b) = b**2 + 26*b - 2155. Give q(46).
1157
Let z(u) = -359*u - 56131. Calculate z(-156).
-127
Let r(q) = 5*q**2 - 6183*q - 62342. Determine r(-10).
-12
Let u(q) = -q**3 + 99*q**2 + 6113*q - 530. Calculate u(142).
464
Let m(w) = 65*w**3 + 2588*w**2 - 487*w - 281. Determine m(-40).
-1
Let j(v) = -32495*v - 1169837. Calculate j(-36).
-17
Let q(z) = 18*z**2 - 535*z + 539. What is q(1)?
22
Let x(w) = 2*w**3 - 250*w**2 - 3587*w + 31. What is x(-13)?
18
Let g(k) = 1827*k + 215582. What is g(-118)?
-4
Let k(a) = 971*a - 44663. Give k(46).
3
Let d(o) = 7890*o - 836603. Give d(106).
-263
Let g(m) = m**3 + 69*m**2 - 1787*m - 636. Give g(-89).
-13
Let p(g) = 1152*g + 43751. What is p(-38)?
-25
Let b(s) = -2*s**3 + 25*s**2 - 37*s + 312. Determine b(0).
312
Let a(d) = -1466*d - 10268. Calculate a(-7).
-6
Let z(f) = -25*f**2 - 531*f + 65. Determine z(-21).
191
Let g(o) = -o**3 + 78*o**2 + 822*o + 5091. What is g(88)?
-13
Let s(i) = 598*i**2 + 2502*i + 137. Give s(-4).
-303
Let g(c) = -15220*c + 15193. What is g(1)?
-27
Let u(b) = -24943*b - 848067. What is u(-34)?
-5
Let o(k) = 52*k**2 + 938*k + 35. Give o(-18).
-1
Let w(n) = -9*n**3 - 2157*n**2 - 1436*n - 488. Determine w(-239).
-10
Let l(j) = j**2 + 43*j - 1563. What is l(33)?
945
Let t(o) = -186*o + 36167. Determine t(194).
83
Let q(w) = w**3 + 62*w**2 + 293*w + 14159. Calculate q(-61).
7
Let g(t) = 3*t**2 - 64*t - 311. Calculate g(26).
53
Let x(y) = 921*y + 5873. Give x(-6).
347
Let q(x) = 43836*x + 745217. What is q(-17)?
5
Let v(h) = h**3 + 23*h**2 + 305*h + 1020. What is v(-9)?
-591
Let d(g) = 396*g**2 - 3577*g + 105. Determine d(9).
-12
Let b(a) = 1815*a**2 - 23598*a + 29. Determine b(13).
-10
Let r(g) = -288*g + 2133. What is r(-6)?
3861
Let r(s) = -6*s**2 + 825*s + 46544. Give r(-43).
-25
Let x(p) = 42*p**3 + 226*p**2 + 6*p - 14. What is x(-6)?
-986
Let q(i) = 2*i**3 - 176*i**2 - 728*i - 743. Determine q(92).
-7
Let x(s) = -84*s + 12281. Give x(144).
185
Let m(v) = -v**3 + 97*v**2 + 221*v - 2259. Calculate m(99).
18
Let z(j) = -4*j**3 + 66*j**2 - 316*j + 71. What is z(12)?
-1129
Let r(d) = 8*d**2 + 23*d - 443. Determine r(11).
778
Let g(p) = -157745*p + 11988612. Calculate g(76).
-8
Let d(b) = b**3 + 83*b**2 - 538*b - 248. Determine d(-89).
108
Let a(m) = 2*m**3 + 61*m**2 + 460*m + 12899. Give a(-30).
-1
Let q(y) = -7496*y - 3455648. Determine q(-461).
8
Let g(k) = 97*k + 2897. Determine g(-25).
472
Let o(q) = 513*q - 110829. What is o(215)?
-534
Let n(w) = -5*w**3 - 36*w**2 - 17*w - 11. Determine n(-7).
59
Let u(l) = 290*l + 1975. Give u(-7).
-55
Let q(i) = 37*i**2 - 679*i + 680. Calculate q(1).
38
Let o(b) = -b**2 - 774*b - 105238. Determine o(-176).
10
Let u(r) = r**3 + 343*r**2 - 1372*r + 28. What is u(4)?
92
Let n(f) = -f**2 - 165*f + 3106. Calculate n(18).
-188
Let v(q) = -q**2 + 155*q + 4328. What is v(179)?
32
Let a(o) = -o**3 + 5*o**2 - 406*o - 1304. Give a(-3).
-14
Let q(p) = -p**3 + 105*p**2 - 1207*p - 318. Determine q(92).
-1330
Let b(m) = 14*m**2 + 3534*m + 162436. What is b(-192)?
4
Let g(o) = -102*o - 9589. Calculate g(-94).
-1
Let v(w) = 31*w**3 + 4340*w**2 - 4*w - 551. What is v(-140)?
9
Let u(y) = 3*y**3 + 44*y**2 - 1580*y - 25175. Give u(-18).
25
Let l(t) = 17*t**3 + 382*t**2 - 12388*t + 75. What is l(18)?
3
Let z(r) = 10*r**3 - 10*r - 28. Calculate z(-3).
-268
Let c(g) = -2*g**3 + 74*g**2 + 340*g - 427. Give c(41).
65
Let a(x) = 314104*x + 17589820. Calculate a(-56).
-4
Let c(p) = -2*p**3 + 48*p**2 + 513*p - 434. Determine c(32).
-402
Let q(x) = 164*x + 1614. What is q(-12)?
-354
Let p(o) = 9161*o - 2088723. Determine p(228).
-15
Let f(v) = -480*v - 72605. Determine f(-154).
1315
Let d(p) = -655*p - 162956. What is d(-249)?
139
Let j(v) = -v**2 - 20641*v - 1972309. Give 